{"id":8,"date":"2015-12-30T16:46:34","date_gmt":"2015-12-30T15:46:34","guid":{"rendered":"http:\/\/localhost\/wordpress\/?page_id=7"},"modified":"2026-04-18T09:13:55","modified_gmt":"2026-04-18T08:13:55","slug":"startseiteblaskapelle","status":"publish","type":"page","link":"https:\/\/blaskapellekirchberg.de\/","title":{"rendered":"Blaskapelle Kirchberg vorm Wald"},"content":{"rendered":"\n<h2 class=\"wp-block-heading\"><br><\/h2>\n\n\n<div class=\"wp-block-image\">\n<figure class=\"aligncenter size-large\"><img loading=\"lazy\" decoding=\"async\" width=\"724\" height=\"1024\" src=\"http:\/\/blaskapellekirchberg.de\/wp-content\/uploads\/2026\/04\/BMF-724x1024.jpg\" alt=\"\" class=\"wp-image-1336\" srcset=\"https:\/\/blaskapellekirchberg.de\/wp-content\/uploads\/2026\/04\/BMF-724x1024.jpg 724w, https:\/\/blaskapellekirchberg.de\/wp-content\/uploads\/2026\/04\/BMF-212x300.jpg 212w, https:\/\/blaskapellekirchberg.de\/wp-content\/uploads\/2026\/04\/BMF-768x1086.jpg 768w, https:\/\/blaskapellekirchberg.de\/wp-content\/uploads\/2026\/04\/BMF-1086x1536.jpg 1086w, https:\/\/blaskapellekirchberg.de\/wp-content\/uploads\/2026\/04\/BMF.jpg 1131w\" sizes=\"auto, (max-width: 724px) 100vw, 724px\" \/><\/figure>\n<\/div>\n\n<div class=\"wp-block-image\">\n<figure class=\"aligncenter size-large\"><img loading=\"lazy\" decoding=\"async\" width=\"724\" height=\"1024\" src=\"https:\/\/blaskapellekirchberg.de\/wp-content\/uploads\/2026\/04\/KeinMaifest26-724x1024.jpeg\" alt=\"\" class=\"wp-image-1333\" srcset=\"https:\/\/blaskapellekirchberg.de\/wp-content\/uploads\/2026\/04\/KeinMaifest26-724x1024.jpeg 724w, https:\/\/blaskapellekirchberg.de\/wp-content\/uploads\/2026\/04\/KeinMaifest26-212x300.jpeg 212w, https:\/\/blaskapellekirchberg.de\/wp-content\/uploads\/2026\/04\/KeinMaifest26-768x1086.jpeg 768w, https:\/\/blaskapellekirchberg.de\/wp-content\/uploads\/2026\/04\/KeinMaifest26-1086x1536.jpeg 1086w, https:\/\/blaskapellekirchberg.de\/wp-content\/uploads\/2026\/04\/KeinMaifest26-1448x2048.jpeg 1448w, https:\/\/blaskapellekirchberg.de\/wp-content\/uploads\/2026\/04\/KeinMaifest26.jpeg 1587w\" sizes=\"auto, (max-width: 724px) 100vw, 724px\" \/><\/figure>\n<\/div>\n\n\n<h2 class=\"wp-block-heading has-text-align-center\">Das Gro\u00dfe <a href=\"https:\/\/blaskapellekirchberg.de\/?page_id=1276\" data-type=\"page\" data-id=\"1276\">Jubil\u00e4umsfest <\/a>r\u00fcckt n\u00e4her!<\/h2>\n\n\n<div class=\"wp-block-image\">\n<figure class=\"aligncenter size-large is-resized\"><img loading=\"lazy\" decoding=\"async\" width=\"1024\" height=\"1024\" src=\"https:\/\/blaskapellekirchberg.de\/wp-content\/uploads\/2026\/02\/grafik-1024x1024.png\" alt=\"\" class=\"wp-image-1320\" style=\"width:314px;height:auto\" srcset=\"https:\/\/blaskapellekirchberg.de\/wp-content\/uploads\/2026\/02\/grafik-1024x1024.png 1024w, https:\/\/blaskapellekirchberg.de\/wp-content\/uploads\/2026\/02\/grafik-300x300.png 300w, https:\/\/blaskapellekirchberg.de\/wp-content\/uploads\/2026\/02\/grafik-150x150.png 150w, https:\/\/blaskapellekirchberg.de\/wp-content\/uploads\/2026\/02\/grafik-768x768.png 768w, https:\/\/blaskapellekirchberg.de\/wp-content\/uploads\/2026\/02\/grafik-1536x1536.png 1536w, https:\/\/blaskapellekirchberg.de\/wp-content\/uploads\/2026\/02\/grafik.png 1890w\" sizes=\"auto, (max-width: 1024px) 100vw, 1024px\" \/><\/figure>\n<\/div>\n\n\n<p>oder per Klick -&gt; <a href=\"https:\/\/forms.office.com\/e\/3yw2jWfyp1\">Anmeldung zum Bezirksmusikfest per Klick.<\/a><\/p>\n\n\n\n<h2 class=\"wp-block-heading has-text-align-center\">Einer der H\u00f6hepunkte unseres Jubil\u00e4ums Festes pr\u00e4sentieren wir am Donnerstag den 11. Juni 2026  die aus dem BR Fernsehen bekannte Volkss\u00e4ngerrevue<\/h2>\n\n\n<div class=\"wp-block-image\">\n<figure class=\"aligncenter size-large\"><img loading=\"lazy\" decoding=\"async\" width=\"721\" height=\"1024\" src=\"http:\/\/blaskapellekirchberg.de\/wp-content\/uploads\/2025\/10\/Flyer_Bretlspitzn-721x1024.jpeg\" alt=\"\" class=\"wp-image-1283\" srcset=\"https:\/\/blaskapellekirchberg.de\/wp-content\/uploads\/2025\/10\/Flyer_Bretlspitzn-721x1024.jpeg 721w, https:\/\/blaskapellekirchberg.de\/wp-content\/uploads\/2025\/10\/Flyer_Bretlspitzn-211x300.jpeg 211w, https:\/\/blaskapellekirchberg.de\/wp-content\/uploads\/2025\/10\/Flyer_Bretlspitzn-768x1090.jpeg 768w, https:\/\/blaskapellekirchberg.de\/wp-content\/uploads\/2025\/10\/Flyer_Bretlspitzn-1082x1536.jpeg 1082w, https:\/\/blaskapellekirchberg.de\/wp-content\/uploads\/2025\/10\/Flyer_Bretlspitzn.jpeg 1127w\" sizes=\"auto, (max-width: 721px) 100vw, 721px\" \/><\/figure>\n<\/div>\n\n\n<p>Der Kartenvorverkauf ist gestartet. Karten gibt es per <\/p>\n\n\n\n<ul class=\"wp-block-list\">\n<li>e-Mail: <strong>karten@blaskapellekirchberg.de<\/strong> <\/li>\n\n\n\n<li>Telefonisch unter: <strong>0155 653 054 75<\/strong><\/li>\n\n\n\n<li>per Paypal: Ben\u00f6tigte Anzahl und Anschrift angeben, wir schicken die Karten dann zu.<br>Paypal Adresse: karten@blaskapellekirchberg.de&nbsp;oder:<img loading=\"lazy\" decoding=\"async\" width=\"300\" height=\"380\" class=\"wp-image-1292\" style=\"width: 300px;\" src=\"http:\/\/blaskapellekirchberg.de\/wp-content\/uploads\/2025\/10\/Paypall_Karten-e1760281794529.jpg\" alt=\"\" srcset=\"https:\/\/blaskapellekirchberg.de\/wp-content\/uploads\/2025\/10\/Paypall_Karten-e1760281794529.jpg 1006w, https:\/\/blaskapellekirchberg.de\/wp-content\/uploads\/2025\/10\/Paypall_Karten-e1760281794529-237x300.jpg 237w, https:\/\/blaskapellekirchberg.de\/wp-content\/uploads\/2025\/10\/Paypall_Karten-e1760281794529-808x1024.jpg 808w, https:\/\/blaskapellekirchberg.de\/wp-content\/uploads\/2025\/10\/Paypall_Karten-e1760281794529-768x973.jpg 768w\" sizes=\"auto, (max-width: 300px) 100vw, 300px\" \/><\/li>\n\n\n\n<li>bei <a href=\"https:\/\/www.eventim.de\/event\/br-brettl-spitzen-live-festplatz-kirchberg-vorm-wald-20619918\/?affiliate=GMD&amp;utm_source=google&amp;utm_medium=cpc&amp;utm_campaign=ar_Weitere_Konzerte&amp;utm_agid=185453282392&amp;utm_term=brettl%20spitzen%20tiefenbach&amp;creative=772378634851&amp;device=m&amp;placement=&amp;gad_source=1&amp;gad_campaignid=850829259&amp;gbraid=0AAAAAD8gI54ikikeVVNPvuZfUHoDRUqZA&amp;gclid=CjwKCAjwr8LHBhBKEiwAy47uUvMvksNOg0luSanJzj6VR3y6yFGbxcAMyxGWL6FBzPRmI5fWDyUArRoCAQ0QAvD_BwE\">Eventim<\/a><br>Oder pers\u00f6nlich im:<\/li>\n\n\n\n<li><strong>Dorfladen Haselbach<\/strong><\/li>\n\n\n\n<li><strong>EDEKA Einkaufspark Aicha v.W.<\/strong><\/li>\n\n\n\n<li><strong>Edeka Schwaiberger im DEZ<\/strong> Passau, Neuburgerstra\u00dfe,<\/li>\n\n\n\n<li><strong>Edeka Schwaiberger Tiefenbach<\/strong>&nbsp;<\/li>\n\n\n\n<li><strong>Blumen Koller<\/strong> in Nammering&nbsp;<\/li>\n\n\n\n<li><strong>Rathaus Tiefenbach<\/strong><\/li>\n\n\n\n<li>Sowie bei allen<strong> Mitgliedern der Blaskapelle <\/strong>und des <strong>SKB Kirchberg v.W.<\/strong><\/li>\n<\/ul>\n\n\n\n<p>Im Vorverkauf kostet die Eintrittskarte 35,00 \u20ac an der Abendkasse 38,00\u20ac<\/p>\n\n\n\n<hr class=\"wp-block-separator has-alpha-channel-opacity\"\/>\n\n\n\n<p class=\"has-text-align-center\">Die Blaskapelle ist wie immer auf Nachwuchssuche. Egal ob Kind oder Erwachsener \u2013 jeder ist eingeladen, kostenlos Instrumente auszuprobieren.<\/p>\n\n\n\n<p>Leihinstrumente stehen gro\u00dfteils zur Verf\u00fcgung oder k\u00f6nnen vermittelt werden, bei Unterricht auf einem Blasinstrument bei der Kreismusikschule gibt es vom Landkreis f\u00fcr die ersten 2 Jahre jeweils 200,&#8211; \u20ac Zuschuss f\u00fcr Kinder, Erwachsene erhalten Unterricht zum Kindertarif!<\/p>\n\n\n<p>Die w\u00f6chentliche Probe findet immer freitags ab 19:00 Uhr in unserem <strong><a href=\"http:\/\/blaskapellekirchberg.de\/?page_id=439\">Probenheim <\/a><\/strong>in Kirchberg v. W. statt \u2013 Interessierte sind hier herzlich zum Vorbeischauen und Zuh\u00f6ren eingeladen.<\/p>\n<p>Die Nachwuchsmusiker der <a href=\"http:\/\/blaskapellekirchberg.de\/?page_id=171\">Notenfetzer <\/a>so wie die Jungmusiker der\u00a0 <a href=\"http:\/\/blaskapellekirchberg.de\/?page_id=37\">Johannesbl\u00e4ser<\/a> proben auch immer freitags von 17:30 bis 18:30 im <strong><a href=\"http:\/\/blaskapellekirchberg.de\/?page_id=439\">Probenheim ,<\/a><\/strong>auch hier gilt, bei Interesse einfach vorbeischauen. In den Schulferien wird allerdings meistens pausiert.<\/p>\n<p>Interessierte Neulinge, aber auch erfahrene Musikanten, sind jederzeit eingeladen vorbei zuschauen.<\/p>\n<p>F\u00fcr Anfragen und Buchungen der Blaskapelle einfach <a href=\"mailto:kontakt@blaskapellekirchberg.de\" target=\"_blank\" rel=\"noopener noreferrer\"><strong>Kontakt per E-Mail<\/strong> <\/a>oder beim Vorstand Robert Hanke melden. Siehe: <a href=\"http:\/\/blaskapellekirchberg.de\/?page_id=398\">Kontakt<\/a><\/p>\n\n\n<p>Und \u00fcbrigens wir holen <strong>unser Jubil\u00e4um<\/strong> nach!<\/p>\n\n\n\n<p>Wir feiern <strong>2026<\/strong> unser 55-j\u00e4hriges Bestehen.<\/p>\n\n\n\n<p>Und was ist besser als ein Runder\u2026 Eine Schnapszahl!<\/p>\n\n\n\n<hr class=\"wp-block-separator has-css-opacity aligncenter is-style-wide\"\/>\n\n\n\n<p><\/p>\n","protected":false},"excerpt":{"rendered":"<p>Das Gro\u00dfe Jubil\u00e4umsfest r\u00fcckt n\u00e4her! oder per Klick -&gt; Anmeldung zum Bezirksmusikfest per Klick. Einer der H\u00f6hepunkte unseres Jubil\u00e4ums Festes pr\u00e4sentieren wir am Donnerstag den 11. Juni 2026 die aus dem BR Fernsehen bekannte Volkss\u00e4ngerrevue Der Kartenvorverkauf ist gestartet. Karten gibt es per Im Vorverkauf kostet die Eintrittskarte 35,00 \u20ac an der Abendkasse 38,00\u20ac Die &hellip; <a href=\"https:\/\/blaskapellekirchberg.de\/\" class=\"more-link\"><span class=\"screen-reader-text\">Blaskapelle Kirchberg vorm Wald<\/span> weiterlesen <span class=\"meta-nav\">&rarr;<\/span><\/a><\/p>\n","protected":false},"author":2,"featured_media":0,"parent":0,"menu_order":0,"comment_status":"closed","ping_status":"closed","template":"","meta":{"footnotes":""},"class_list":["post-8","page","type-page","status-publish","hentry"],"_links":{"self":[{"href":"https:\/\/blaskapellekirchberg.de\/index.php?rest_route=\/wp\/v2\/pages\/8","targetHints":{"allow":["GET"]}}],"collection":[{"href":"https:\/\/blaskapellekirchberg.de\/index.php?rest_route=\/wp\/v2\/pages"}],"about":[{"href":"https:\/\/blaskapellekirchberg.de\/index.php?rest_route=\/wp\/v2\/types\/page"}],"author":[{"embeddable":true,"href":"https:\/\/blaskapellekirchberg.de\/index.php?rest_route=\/wp\/v2\/users\/2"}],"replies":[{"embeddable":true,"href":"https:\/\/blaskapellekirchberg.de\/index.php?rest_route=%2Fwp%2Fv2%2Fcomments&post=8"}],"version-history":[{"count":141,"href":"https:\/\/blaskapellekirchberg.de\/index.php?rest_route=\/wp\/v2\/pages\/8\/revisions"}],"predecessor-version":[{"id":1338,"href":"https:\/\/blaskapellekirchberg.de\/index.php?rest_route=\/wp\/v2\/pages\/8\/revisions\/1338"}],"wp:attachment":[{"href":"https:\/\/blaskapellekirchberg.de\/index.php?rest_route=%2Fwp%2Fv2%2Fmedia&parent=8"}],"curies":[{"name":"wp","href":"https:\/\/api.w.org\/{rel}","templated":true}]}}

<h2 class="wp-block-heading"><br></h2>


<div class="wp-block-image">
<figure class="aligncenter size-large"><img loading="lazy" decoding="async" width="724" height="1024" src="http://blaskapellekirchberg.de/wp-content/uploads/2026/04/BMF-724x1024.jpg" alt="" class="wp-image-1336" srcset="https://blaskapellekirchberg.de/wp-content/uploads/2026/04/BMF-724x1024.jpg 724w, https://blaskapellekirchberg.de/wp-content/uploads/2026/04/BMF-212x300.jpg 212w, https://blaskapellekirchberg.de/wp-content/uploads/2026/04/BMF-768x1086.jpg 768w, https://blaskapellekirchberg.de/wp-content/uploads/2026/04/BMF-1086x1536.jpg 1086w, https://blaskapellekirchberg.de/wp-content/uploads/2026/04/BMF.jpg 1131w" sizes="auto, (max-width: 724px) 100vw, 724px" /></figure>
</div>

<div class="wp-block-image">
<figure class="aligncenter size-large"><img loading="lazy" decoding="async" width="724" height="1024" src="https://blaskapellekirchberg.de/wp-content/uploads/2026/04/KeinMaifest26-724x1024.jpeg" alt="" class="wp-image-1333" srcset="https://blaskapellekirchberg.de/wp-content/uploads/2026/04/KeinMaifest26-724x1024.jpeg 724w, https://blaskapellekirchberg.de/wp-content/uploads/2026/04/KeinMaifest26-212x300.jpeg 212w, https://blaskapellekirchberg.de/wp-content/uploads/2026/04/KeinMaifest26-768x1086.jpeg 768w, https://blaskapellekirchberg.de/wp-content/uploads/2026/04/KeinMaifest26-1086x1536.jpeg 1086w, https://blaskapellekirchberg.de/wp-content/uploads/2026/04/KeinMaifest26-1448x2048.jpeg 1448w, https://blaskapellekirchberg.de/wp-content/uploads/2026/04/KeinMaifest26.jpeg 1587w" sizes="auto, (max-width: 724px) 100vw, 724px" /></figure>
</div>


<h2 class="wp-block-heading has-text-align-center">Das Große <a href="https://blaskapellekirchberg.de/?page_id=1276" data-type="page" data-id="1276">Jubiläumsfest </a>rückt näher!</h2>


<div class="wp-block-image">
<figure class="aligncenter size-large is-resized"><img loading="lazy" decoding="async" width="1024" height="1024" src="https://blaskapellekirchberg.de/wp-content/uploads/2026/02/grafik-1024x1024.png" alt="" class="wp-image-1320" style="width:314px;height:auto" srcset="https://blaskapellekirchberg.de/wp-content/uploads/2026/02/grafik-1024x1024.png 1024w, https://blaskapellekirchberg.de/wp-content/uploads/2026/02/grafik-300x300.png 300w, https://blaskapellekirchberg.de/wp-content/uploads/2026/02/grafik-150x150.png 150w, https://blaskapellekirchberg.de/wp-content/uploads/2026/02/grafik-768x768.png 768w, https://blaskapellekirchberg.de/wp-content/uploads/2026/02/grafik-1536x1536.png 1536w, https://blaskapellekirchberg.de/wp-content/uploads/2026/02/grafik.png 1890w" sizes="auto, (max-width: 1024px) 100vw, 1024px" /></figure>
</div>


<p>oder per Klick -&gt; <a href="https://forms.office.com/e/3yw2jWfyp1">Anmeldung zum Bezirksmusikfest per Klick.</a></p>



<h2 class="wp-block-heading has-text-align-center">Einer der Höhepunkte unseres Jubiläums Festes präsentieren wir am Donnerstag den 11. Juni 2026  die aus dem BR Fernsehen bekannte Volkssängerrevue</h2>


<div class="wp-block-image">
<figure class="aligncenter size-large"><img loading="lazy" decoding="async" width="721" height="1024" src="http://blaskapellekirchberg.de/wp-content/uploads/2025/10/Flyer_Bretlspitzn-721x1024.jpeg" alt="" class="wp-image-1283" srcset="https://blaskapellekirchberg.de/wp-content/uploads/2025/10/Flyer_Bretlspitzn-721x1024.jpeg 721w, https://blaskapellekirchberg.de/wp-content/uploads/2025/10/Flyer_Bretlspitzn-211x300.jpeg 211w, https://blaskapellekirchberg.de/wp-content/uploads/2025/10/Flyer_Bretlspitzn-768x1090.jpeg 768w, https://blaskapellekirchberg.de/wp-content/uploads/2025/10/Flyer_Bretlspitzn-1082x1536.jpeg 1082w, https://blaskapellekirchberg.de/wp-content/uploads/2025/10/Flyer_Bretlspitzn.jpeg 1127w" sizes="auto, (max-width: 721px) 100vw, 721px" /></figure>
</div>


<p>Der Kartenvorverkauf ist gestartet. Karten gibt es per </p>



<ul class="wp-block-list">
<li>e-Mail: <strong>karten@blaskapellekirchberg.de</strong> </li>



<li>Telefonisch unter: <strong>0155 653 054 75</strong></li>



<li>per Paypal: Benötigte Anzahl und Anschrift angeben, wir schicken die Karten dann zu.<br>Paypal Adresse: karten@blaskapellekirchberg.de&nbsp;oder:<img loading="lazy" decoding="async" width="300" height="380" class="wp-image-1292" style="width: 300px;" src="http://blaskapellekirchberg.de/wp-content/uploads/2025/10/Paypall_Karten-e1760281794529.jpg" alt="" srcset="https://blaskapellekirchberg.de/wp-content/uploads/2025/10/Paypall_Karten-e1760281794529.jpg 1006w, https://blaskapellekirchberg.de/wp-content/uploads/2025/10/Paypall_Karten-e1760281794529-237x300.jpg 237w, https://blaskapellekirchberg.de/wp-content/uploads/2025/10/Paypall_Karten-e1760281794529-808x1024.jpg 808w, https://blaskapellekirchberg.de/wp-content/uploads/2025/10/Paypall_Karten-e1760281794529-768x973.jpg 768w" sizes="auto, (max-width: 300px) 100vw, 300px" /></li>



<li>bei <a href="https://www.eventim.de/event/br-brettl-spitzen-live-festplatz-kirchberg-vorm-wald-20619918/?affiliate=GMD&amp;utm_source=google&amp;utm_medium=cpc&amp;utm_campaign=ar_Weitere_Konzerte&amp;utm_agid=185453282392&amp;utm_term=brettl%20spitzen%20tiefenbach&amp;creative=772378634851&amp;device=m&amp;placement=&amp;gad_source=1&amp;gad_campaignid=850829259&amp;gbraid=0AAAAAD8gI54ikikeVVNPvuZfUHoDRUqZA&amp;gclid=CjwKCAjwr8LHBhBKEiwAy47uUvMvksNOg0luSanJzj6VR3y6yFGbxcAMyxGWL6FBzPRmI5fWDyUArRoCAQ0QAvD_BwE">Eventim</a><br>Oder persönlich im:</li>



<li><strong>Dorfladen Haselbach</strong></li>



<li><strong>EDEKA Einkaufspark Aicha v.W.</strong></li>



<li><strong>Edeka Schwaiberger im DEZ</strong> Passau, Neuburgerstraße,</li>



<li><strong>Edeka Schwaiberger Tiefenbach</strong>&nbsp;</li>



<li><strong>Blumen Koller</strong> in Nammering&nbsp;</li>



<li><strong>Rathaus Tiefenbach</strong></li>



<li>Sowie bei allen<strong> Mitgliedern der Blaskapelle </strong>und des <strong>SKB Kirchberg v.W.</strong></li>
</ul>



<p>Im Vorverkauf kostet die Eintrittskarte 35,00 € an der Abendkasse 38,00€</p>



<hr class="wp-block-separator has-alpha-channel-opacity"/>



<p class="has-text-align-center">Die Blaskapelle ist wie immer auf Nachwuchssuche. Egal ob Kind oder Erwachsener – jeder ist eingeladen, kostenlos Instrumente auszuprobieren.</p>



<p>Leihinstrumente stehen großteils zur Verfügung oder können vermittelt werden, bei Unterricht auf einem Blasinstrument bei der Kreismusikschule gibt es vom Landkreis für die ersten 2 Jahre jeweils 200,&#8211; € Zuschuss für Kinder, Erwachsene erhalten Unterricht zum Kindertarif!</p>


<p>Die wöchentliche Probe findet immer freitags ab 19:00 Uhr in unserem <strong><a href="http://blaskapellekirchberg.de/?page_id=439">Probenheim </a></strong>in Kirchberg v. W. statt – Interessierte sind hier herzlich zum Vorbeischauen und Zuhören eingeladen.</p>
<p>Die Nachwuchsmusiker der <a href="http://blaskapellekirchberg.de/?page_id=171">Notenfetzer </a>so wie die Jungmusiker der  <a href="http://blaskapellekirchberg.de/?page_id=37">Johannesbläser</a> proben auch immer freitags von 17:30 bis 18:30 im <strong><a href="http://blaskapellekirchberg.de/?page_id=439">Probenheim ,</a></strong>auch hier gilt, bei Interesse einfach vorbeischauen. In den Schulferien wird allerdings meistens pausiert.</p>
<p>Interessierte Neulinge, aber auch erfahrene Musikanten, sind jederzeit eingeladen vorbei zuschauen.</p>
<p>Für Anfragen und Buchungen der Blaskapelle einfach <a href="mailto:kontakt@blaskapellekirchberg.de" target="_blank" rel="noopener noreferrer"><strong>Kontakt per E-Mail</strong> </a>oder beim Vorstand Robert Hanke melden. Siehe: <a href="http://blaskapellekirchberg.de/?page_id=398">Kontakt</a></p>


<p>Und übrigens wir holen <strong>unser Jubiläum</strong> nach!</p>



<p>Wir feiern <strong>2026</strong> unser 55-jähriges Bestehen.</p>



<p>Und was ist besser als ein Runder… Eine Schnapszahl!</p>



<hr class="wp-block-separator has-css-opacity aligncenter is-style-wide"/>



<p></p>

<p>Das Große Jubiläumsfest rückt näher! oder per Klick -&gt; Anmeldung zum Bezirksmusikfest per Klick. Einer der Höhepunkte unseres Jubiläums Festes präsentieren wir am Donnerstag den 11. Juni 2026 die aus dem BR Fernsehen bekannte Volkssängerrevue Der Kartenvorverkauf ist gestartet. Karten gibt es per Im Vorverkauf kostet die Eintrittskarte 35,00 € an der Abendkasse 38,00€ Die &hellip; <a href="https://blaskapellekirchberg.de/" class="more-link"><span class="screen-reader-text">Blaskapelle Kirchberg vorm Wald</span> weiterlesen <span class="meta-nav">&rarr;</span></a></p>
